 7*r**2. Let x be f(-3). Is x*(75/10 - 4) a prime number?
False
Let p(t) = -1542*t + 106. Let l be p(-18). Suppose 29*d - 84919 - l = 0. Is d a composite number?
False
Let z = -73617 + 468268. Is z a composite number?
True
Let w(x) = 168*x + 119. Suppose -7*a = 7*a - 294. Is w(a) composite?
True
Suppose g + i + 1638 = 6*g, 0 = -2*g - 2*i + 660. Suppose -98*p + g = -97*p. Let r = 737 - p. Is r a composite number?
False
Let g(x) be the second derivative of 0 + 7/2*x**2 + 1/6*x**3 - 20*x + 1/12*x**4. Is g(8) a prime number?
True
Let r(i) be the second derivative of -i**5/10 - 3*i**4/4 - 5*i**3/3 + i**2/2 + 47*i. Is r(-12) prime?
True
Suppose -80657 = -35*c - 16*c - 11246. Is c a prime number?
True
Let l(w) = -188*w - 192. Let j(v) = -93*v - 96. Let f(m) = -5*j(m) + 2*l(m). Is f(5) prime?
True
Let d(w) = 431*w**2 + 5*w - 169. Is d(15) composite?
True
Let w(i) = -i - 26. Let l be w(18). Let b be l/(-33) + 158/(-6). Is ((-1055)/b)/((-2)/(-10)) composite?
False
Suppose 15*k = 49*k - 672418. Is k a composite number?
False
Let p = 27997 + -19785. Suppose p = -27*i + 31*i. Is i prime?
True
Suppose 172*z - 38737814 = 41686462. Is z prime?
False
Suppose -14*p - n - 1049470 = -16*p, 4*n + 524714 = p. Is p a composite number?
True
Is 50/200 + 10/25*(-157895)/(-8) prime?
False
Suppose -5*i + 3*r = -1720340, -408708 = -2*i - r + 279417. Is i/25 + 2/5 prime?
True
Let d = 318 + 245195. Is d composite?
False
Let l be (-10)/100*-25*(-8)/(-10). Suppose 3*n - 3*j = 42528, l*j = j + 3. Is n prime?
False
Suppose 0 = 16*z - 46508 + 3436. Suppose 4*l - 2019 = -3*u, -3*u + 5*l = -7*u + z. Is u prime?
True
Let x(u) be the first derivative of -2*u**3/3 + 797*u + 80. Let y(c) = c**3 - 12*c**2 - c + 12. Let r be y(12). Is x(r) prime?
True
Let s be 3/(-12) + 147/12. Suppose -2*o - 2 = -s. Suppose -4*q = 5*v - 3474, v - 686 = 3*q + o. Is v a prime number?
False
Let s(g) = -902*g - 591. Is s(-17) a prime number?
False
Suppose 4 = -16*i + 18*i. Suppose -m - 5 = 0, f = -4*f - i*m + 8755. Is f prime?
True
Suppose 5*r + 294 = 94. Let p be (-165)/r + 4/(-32). Suppose p*v + d = 218, 2*v = d - 4*d + 104. Is v a composite number?
True
Let l(i) = 9*i + 80. Let u(v) = -17*v - 160. Let c(n) = 11*l(n) + 6*u(n). Let h be c(-25). Is 162624/55 + (-1)/h a prime number?
True
Let w = -182 + 185. Suppose 4*r = -w*s + 2762, -4*r - 4*s = -3*r - 697. Is r a prime number?
False
Let f = 58772 + 137195. Is f prime?
True
Suppose -9*x - 5*b - 11792 = -143291, 5*x + 4*b - 73055 = 0. Is x prime?
False
Let x(d) = -24*d - 148. Let a be x(-8). Suppose 178656 = a*l + 4*l. Is l a composite number?
True
Suppose o - 2*c = 5*o - 170, 5*o = -3*c + 210. Let y = o + -43. Is 0 + (y - 2) + 379 composite?
False
Let p = 22 - 7. Suppose -p*r + 2 = -14*r. Suppose -4*h - 790 = -r*y, 5*y - 3*y - 3*h - 791 = 0. Is y composite?
False
Suppose -5772*f + 5771*f = -9643. Is f composite?
False
Suppose 3*b - 2 + 17 = 0. Let p(j) = -3 + 7 - 176*j - 67*j + 36*j. Is p(b) prime?
True
Let k be 21/(-6 + -1) - -8. Suppose 2*o - 26766 = k*u, -10*u = -7*u - 12. Is o a prime number?
False
Is (-186936)/(-96)*(-3 + 7) a prime number?
True
Let a = 5451 - 789. Suppose -2*u + 4*i = -a, 3*i + 5 = -10. Is u a composite number?
True
Let k be (7/2)/(1/(-2)). Let r(w) = -6*w - 6 + 4 + 82608*w**3 - 5*w**2 - 82610*w**3. Is r(k) a prime number?
False
Let p(q) be the third derivative of -23*q**4/8 + 6*q**3 + 13*q**2 + 3. Is p(-5) composite?
True
Is -109 + 98 - (-101072 - -2) a prime number?
False
Let w(q) = q - 6. Let r be w(8). Suppose -5*g + p - 4*p + 58435 = 0, -r*p = 3*g - 35061. Suppose 0 = -2*y - 2*x + 4676, -g = -5*y - 5*x + x. Is y composite?
True
Let y = -64371 - -118780. Is y a prime number?
True
Let r(i) = -303*i + 50833. Is r(0) prime?
True
Let w(n) = 721*n**2 + 10*n + 30. Let j be w(10). Suppose -4*z - 43373 = -3*l, -3*l + 8*l = -5*z + j. Is l prime?
False
Let j be ((-50)/(-15))/(8/12). Suppose -j*r + 14 - 4 = 0. Suppose -1052 = -0*q - r*q. Is q composite?
True
Let r(y) = -53*y**3 - y**2 + 4*y - 6. Let w be r(-4). Suppose 2*j - w = 4*q, -4*j + 6711 = -2*q - 3*q. Let b = j - 998. Is b composite?
True
Suppose 10*c - 104 = 12*c. Let b be c/6 - (-34)/51. Let d = b + 21. Is d a prime number?
True
Let w = -50 + 14. Let c = w - -36. Suppose -u + 2*u - 2099 = c. Is u prime?
True
Suppose d = 3 + 2, -3*s - 5*d + 40 = 0. Suppose w - 2381 = s*j, 3*j - 5*w + 2*w + 1431 = 0. Let m = 233 - j. Is m composite?
False
Let h(z) = 2859*z**2 - z + 47. Is h(-9) a prime number?
False
Suppose 22*h + 58186 + 75486 = 0. Let l = -3153 - h. Is l prime?
False
Suppose -4*h + 84 = 64. Is 3146 - (-10 + 2/(2/h)) composite?
True
Let f(u) = 45113*u**2 - 221*u - 220. Let g be f(-1). Let v = -3 + 4. Is v/(-6) + g/36 composite?
True
Suppose 15*m - 35*m - 33204 = -148784. Is m prime?
True
Let j(m) = m**2 + 2*m - 60. Let s be j(-9). Is -1*(s + -5 + -2579) prime?
False
Suppose 0 = 3*x + h - 141, x - 2*h = 6*x - 234. Suppose -5*m = 7*m - x. Suppose -m*y = 7 - 95. Is y prime?
False
Let k(m) be the third derivative of 19*m**6/120 + m**5/15 + m**4/24 - 5*m**3/6 + 36*m**2. Let j be k(2). Is 2/(-11) - (-49860)/j prime?
False
Let o = -311355 - -874138. Is o a composite number?
True
Let u = 301 + -300. Let g(x) = 1879*x**2 - 8*x + 8. Is g(u) a prime number?
True
Suppose 27*i - 24*i = 1380. Let g be ((-27)/2)/((-10)/i). Suppose 10*r = g + 789. Is r a prime number?
False
Is (16/(-12) - -2)/((-4)/(-1398054)) composite?
True
Is 150395/1 + 4582/754 + 1/(-13) prime?
True
Let t be (-2)/(3/(-18122 + 8)). Is 2*4/(32/t) prime?
True
Let i(q) = 44 + 0*q**3 - 2*q**2 + 34 - 3*q**3 - 68 + 6*q**3. Let a = 18 + -12. Is i(a) a composite number?
True
Is -2 - 80517*(-7 + (-136)/12 + 6) prime?
False
Let z(s) = -16025*s - 31. Let i be z(1). Is 5*(-3)/45*(3 + i) prime?
True
Suppose 2*j - 4*l - 98114 = 0, -11*j + 7*j + 5*l = -196228. Is j a composite number?
False
Let a be ((-14)/35)/((-4)/(-15))*-6. Is (-2*(-12)/(-8))/(a/(-1545)) composite?
True
Let r be (-50)/(-14) + (6 - (-39)/(-7)). Suppose p + 2*p - 6976 = -o, 9323 = r*p - 3*o. Is p composite?
True
Let u = 544947 + -94754. Is u a prime number?
True
Let w be 6 + (-12 - (-5 + -2)). Is (w - 3)*(-44184)/48 a composite number?
True
Is (-16)/(-168) + (-95)/(-105) - -7368 a prime number?
True
Let c be 3/((-6)/(-8) + 0). Let x = 3380 - 2807. Suppose -d + c*d = x. Is d a composite number?
False
Suppose -18*k = 226*k - 27843572. Is k composite?
False
Suppose 29*r - 5214 = 26*r - 2*n, 6954 = 4*r + 2*n. Let o = r + -481. Is o composite?
False
Suppose -30113360 = -69*d - 6672772 + 29572181. Is d a composite number?
False
Let d(f) = -23318*f**3 + f + 1. Let w be d(-1). Suppose 0 = -2*k - 5068 - w. Is (-2)/(-3)*k/(-38) a composite number?
True
Let f(d) = -d**3 + 44*d**2 + 37*d + 107. Is f(-19) a prime number?
True
Let c = -15020 - -8578. Is (-205)/82*c/5 a prime number?
True
Let o be (-3)/(-5) + 693/45. Suppose 10*j - o = 2*j. Suppose j*c - 158 = -0*c. Is c composite?
False
Suppose 3*m - 273585 = -6*t, m - 652 = -t + 44944. Is t prime?
True
Suppose -2*t = 3588 - 764. Let o = t + 620. Let g = 1463 + o. Is g composite?
True
Let k(h) = -299 + 690 + h + 4*h + 921. Let d be k(0). Let m = d + -173. Is m a composite number?
True
Let a = 172094 + -108447. Is a composite?
False
Let v = -15 + 42. Let l = v - -500. Is l a prime number?
False
Let f(m) = m**3 - 2*m**2 - 2*m + 7. Let j be f(2). Suppose -2*s - s - j*d = -18300, 4*d = 4*s - 24360. Let z = 8862 - s. Is z prime?
True
Let c(o) = -867*o**2 + 9*o + 31. Let r be c(-3). Let h = -3440 - r. Is h a prime number?
False
Let l(h) = -h**3 - 38*h**2 - 256*h - 56. Is l(-45) composite?
False
Let g be (35/(-14))/((-10)/12). Suppose -3*i = -g - 0, -4*b - 4*i + 49608 = 0. Is b a composite number?
False
Is 131122 - ((8 - 180/21) + 3/(-7)) a prime number?
False
Let i(g) be the first derivative of 897*g**2/2 + 17*g - 34. Let w be i(3). Is (w/3 + 1 - 2)*3 a composite number?
True
Suppose -2*a + 2*p = -30, a - 2*p + 40 = 6*a. Let z be (-488 - (9 + -9))*-37. Suppose 2*g + z = a*g. Is g a prime number?
False
Let z(o) = o + 1. Let t(u) = u**3 - u**2 + 2*u - 22153. Let q(f) = -t(f) + 5*z(f). Let b be q(0). Is (-7)/28 + (b/8)/3 a composite number?
True
Let p = -99919 - -151058. Is p composite?
True
Let d be (-2)/(-3) - (-2)/(6*1). Is 13 + -12 + -1 